CRAN Package Check Results for Package pafdR

Last updated on 2022-05-21 22:58:20 CEST.

Flavor Version Tinstall Tcheck Ttotal Status Flags
r-devel-linux-x86_64-debian-clang 1.0 2.55 36.36 38.91 NOTE
r-devel-linux-x86_64-debian-gcc 1.0 1.69 28.69 30.38 NOTE
r-devel-linux-x86_64-fedora-clang 1.0 48.27 NOTE
r-devel-linux-x86_64-fedora-gcc 1.0 46.03 NOTE
r-devel-windows-x86_64 1.0 15.00 64.00 79.00 NOTE
r-patched-linux-x86_64 1.0 2.04 36.37 38.41 NOTE
r-release-linux-x86_64 1.0 2.45 36.09 38.54 NOTE
r-release-macos-arm64 1.0 18.00 NOTE
r-release-macos-x86_64 1.0 24.00 NOTE
r-release-windows-x86_64 1.0 11.00 58.00 69.00 NOTE
r-oldrel-macos-arm64 1.0 19.00 NOTE
r-oldrel-macos-x86_64 1.0 27.00 NOTE
r-oldrel-windows-ix86+x86_64 1.0 6.00 46.00 52.00 NOTE

Check Details

Version: 1.0
Check: LazyData
Result: NOTE
     'LazyData' is specified without a 'data' directory
Flavors: r-devel-linux-x86_64-debian-clang, r-devel-linux-x86_64-debian-gcc, r-devel-linux-x86_64-fedora-clang, r-devel-linux-x86_64-fedora-gcc, r-devel-windows-x86_64, r-patched-linux-x86_64, r-release-linux-x86_64, r-release-macos-arm64, r-release-macos-x86_64, r-release-windows-x86_64, r-oldrel-macos-arm64, r-oldrel-macos-x86_64, r-oldrel-windows-ix86+x86_64