Last updated on 2022-05-21 22:58:20 CEST.
Flavor | Version | Tinstall | Tcheck | Ttotal | Status | Flags |
---|---|---|---|---|---|---|
r-devel-linux-x86_64-debian-clang | 0.0.2 | 6.67 | 104.89 | 111.56 | NOTE | |
r-devel-linux-x86_64-debian-gcc | 0.0.2 | 5.67 | 77.97 | 83.64 | NOTE | |
r-devel-linux-x86_64-fedora-clang | 0.0.2 | 130.52 | NOTE | |||
r-devel-linux-x86_64-fedora-gcc | 0.0.2 | 125.42 | NOTE | |||
r-devel-windows-x86_64 | 0.0.2 | 16.00 | 123.00 | 139.00 | NOTE | |
r-patched-linux-x86_64 | 0.0.2 | 11.00 | 96.87 | 107.87 | NOTE | |
r-release-linux-x86_64 | 0.0.2 | 4.45 | 96.39 | 100.84 | NOTE | |
r-release-macos-arm64 | 0.0.2 | 34.00 | NOTE | |||
r-release-macos-x86_64 | 0.0.2 | 68.00 | NOTE | |||
r-release-windows-x86_64 | 0.0.2 | 21.00 | 123.00 | 144.00 | NOTE | |
r-oldrel-macos-arm64 | 0.0.2 | 53.00 | NOTE | |||
r-oldrel-macos-x86_64 | 0.0.2 | 59.00 | NOTE | |||
r-oldrel-windows-ix86+x86_64 | 0.0.2 | 17.00 | 110.00 | 127.00 | NOTE |
Version: 0.0.2
Check: LazyData
Result: NOTE
'LazyData' is specified without a 'data' directory
Flavors: r-devel-linux-x86_64-debian-clang, r-devel-linux-x86_64-debian-gcc, r-devel-linux-x86_64-fedora-clang, r-devel-linux-x86_64-fedora-gcc, r-devel-windows-x86_64, r-patched-linux-x86_64, r-release-linux-x86_64, r-release-macos-arm64, r-release-macos-x86_64, r-release-windows-x86_64, r-oldrel-macos-arm64, r-oldrel-macos-x86_64, r-oldrel-windows-ix86+x86_64