CRAN Package Check Results for Package pageviews

Last updated on 2022-06-29 23:09:38 CEST.

Flavor Version Tinstall Tcheck Ttotal Status Flags
r-devel-linux-x86_64-debian-clang 0.5.0 2.55 34.96 37.51 NOTE
r-devel-linux-x86_64-debian-gcc 0.5.0 1.91 26.82 28.73 NOTE
r-devel-linux-x86_64-fedora-clang 0.5.0 54.73 NOTE
r-devel-linux-x86_64-fedora-gcc 0.5.0 54.30 NOTE
r-devel-windows-x86_64 0.5.0 20.00 74.00 94.00 NOTE
r-patched-linux-x86_64 0.5.0 2.28 33.64 35.92 NOTE
r-release-linux-x86_64 0.5.0 2.15 33.89 36.04 NOTE
r-release-macos-arm64 0.5.0 34.00 NOTE
r-release-macos-x86_64 0.5.0 42.00 NOTE
r-release-windows-x86_64 0.5.0 16.00 73.00 89.00 NOTE
r-oldrel-macos-arm64 0.5.0 37.00 NOTE
r-oldrel-macos-x86_64 0.5.0 48.00 NOTE
r-oldrel-windows-ix86+x86_64 0.5.0 6.00 54.00 60.00 NOTE

Check Details

Version: 0.5.0
Check: LazyData
Result: NOTE
     'LazyData' is specified without a 'data' directory
Flavors: r-devel-linux-x86_64-debian-clang, r-devel-linux-x86_64-debian-gcc, r-devel-linux-x86_64-fedora-clang, r-devel-linux-x86_64-fedora-gcc, r-devel-windows-x86_64, r-patched-linux-x86_64, r-release-linux-x86_64, r-release-macos-arm64, r-release-macos-x86_64, r-release-windows-x86_64, r-oldrel-macos-arm64, r-oldrel-macos-x86_64, r-oldrel-windows-ix86+x86_64