CRAN Package Check Results for Package pagoo

Last updated on 2022-01-24 22:56:35 CET.

Flavor Version Tinstall Tcheck Ttotal Status Flags
r-devel-linux-x86_64-debian-clang 0.3.9 29.34 326.23 355.57 OK
r-devel-linux-x86_64-debian-gcc 0.3.9 25.06 242.81 267.87 OK
r-devel-linux-x86_64-fedora-clang 0.3.9 429.96 OK
r-devel-linux-x86_64-fedora-gcc 0.3.9 451.02 OK
r-devel-windows-x86_64-new-UL 0.3.9 39.00 343.00 382.00 OK
r-devel-windows-x86_64-new-TK 0.3.9 OK
r-patched-linux-x86_64 0.3.9 26.06 346.91 372.97 OK
r-release-linux-x86_64 0.3.9 22.91 348.67 371.58 OK
r-release-macos-arm64 0.3.9 OK
r-release-macos-x86_64 0.3.9 NOTE
r-release-windows-ix86+x86_64 0.3.9 65.00 393.00 458.00 OK
r-oldrel-macos-x86_64 0.3.9 NOTE
r-oldrel-windows-ix86+x86_64 0.3.9 68.00 398.00 466.00 OK

Check Details

Version: 0.3.9
Check: package dependencies
Result: NOTE
    Package suggested but not available for checking: ‘DECIPHER’
Flavors: r-release-macos-x86_64, r-oldrel-macos-x86_64