CRAN Package Check Results for Package palasso

Last updated on 2024-02-25 23:02:15 CET.

Flavor Version Tinstall Tcheck Ttotal Status Flags
r-devel-linux-x86_64-debian-clang 0.0.9 8.26 75.56 83.82 NOTE
r-devel-linux-x86_64-debian-gcc 0.0.9 6.90 57.77 64.67 NOTE
r-devel-linux-x86_64-fedora-clang 0.0.9 106.99 NOTE
r-devel-linux-x86_64-fedora-gcc 0.0.9 117.77 NOTE
r-devel-windows-x86_64 0.0.9 7.00 78.00 85.00 NOTE
r-patched-linux-x86_64 0.0.9 7.08 73.34 80.42 NOTE
r-release-linux-x86_64 0.0.9 6.91 72.89 79.80 NOTE
r-release-macos-arm64 0.0.9 47.00 NOTE
r-release-macos-x86_64 0.0.9 82.00 NOTE
r-release-windows-x86_64 0.0.9 10.00 85.00 95.00 NOTE
r-oldrel-macos-arm64 0.0.9 41.00 NOTE
r-oldrel-windows-x86_64 0.0.9 9.00 83.00 92.00 NOTE

Check Details

Version: 0.0.9
Check: package dependencies
Result: NOTE Package which this enhances but not available for checking: ‘CorShrink’ Flavors: r-devel-linux-x86_64-debian-clang, r-devel-linux-x86_64-debian-gcc, r-devel-linux-x86_64-fedora-clang, r-devel-linux-x86_64-fedora-gcc, r-devel-windows-x86_64, r-patched-linux-x86_64, r-release-linux-x86_64, r-release-macos-arm64, r-release-macos-x86_64, r-release-windows-x86_64, r-oldrel-macos-arm64, r-oldrel-windows-x86_64