CRAN Package Check Results for Package palasso

Last updated on 2021-11-28 22:51:22 CET.

Flavor Version Tinstall Tcheck Ttotal Status Flags
r-devel-linux-x86_64-debian-clang 0.0.8 NOTE
r-devel-linux-x86_64-debian-gcc 0.0.8 6.37 48.58 54.95 NOTE
r-devel-linux-x86_64-fedora-clang 0.0.8 95.83 NOTE
r-devel-linux-x86_64-fedora-gcc 0.0.8 85.59 NOTE
r-devel-windows-x86_64-new-UL 0.0.8 16.00 104.00 120.00 NOTE
r-devel-windows-x86_64-new-TK 0.0.8 NOTE
r-devel-windows-x86_64-old 0.0.8 8.00 94.00 102.00 NOTE
r-patched-linux-x86_64 0.0.8 8.57 60.64 69.21 NOTE
r-patched-solaris-x86 0.0.8 110.40 NOTE
r-release-linux-x86_64 0.0.8 7.94 61.96 69.90 NOTE
r-release-macos-arm64 0.0.8 NOTE
r-release-macos-x86_64 0.0.8 NOTE
r-release-windows-ix86+x86_64 0.0.8 15.00 59.00 74.00 NOTE
r-oldrel-macos-x86_64 0.0.8 NOTE
r-oldrel-windows-ix86+x86_64 0.0.8 11.00 80.00 91.00 NOTE

Check Details

Version: 0.0.8
Check: package dependencies
Result: NOTE
    Package which this enhances but not available for checking: 'CorShrink'
Flavors: r-devel-linux-x86_64-debian-clang, r-devel-linux-x86_64-debian-gcc, r-devel-linux-x86_64-fedora-clang, r-devel-linux-x86_64-fedora-gcc, r-devel-windows-x86_64-new-UL, r-devel-windows-x86_64-new-TK, r-devel-windows-x86_64-old, r-patched-linux-x86_64, r-patched-solaris-x86, r-release-linux-x86_64, r-release-macos-x86_64, r-release-windows-ix86+x86_64, r-oldrel-macos-x86_64, r-oldrel-windows-ix86+x86_64

Version: 0.0.8
Check: package dependencies
Result: NOTE
    Packages which this enhances but not available for checking:
     'CorShrink', 'edgeR'
Flavor: r-release-macos-arm64