CRAN Package Check Results for Package parcats

Last updated on 2022-01-28 23:00:45 CET.

Flavor Version Tinstall Tcheck Ttotal Status Flags
r-devel-linux-x86_64-debian-clang 0.0.3 14.77 235.65 250.42 OK
r-devel-linux-x86_64-debian-gcc 0.0.3 11.73 174.13 185.86 OK
r-devel-linux-x86_64-fedora-clang 0.0.3 203.91 NOTE
r-devel-linux-x86_64-fedora-gcc 0.0.3 203.29 NOTE
r-devel-windows-x86_64-new-UL 0.0.3 149.00 237.00 386.00 OK
r-devel-windows-x86_64-new-TK 0.0.3 NOTE
r-patched-linux-x86_64 0.0.3 14.57 151.77 166.34 OK
r-release-linux-x86_64 0.0.3 9.31 151.86 161.17 OK
r-release-macos-arm64 0.0.3 NOTE
r-release-macos-x86_64 0.0.3 NOTE
r-release-windows-ix86+x86_64 0.0.3 34.00 171.00 205.00 OK
r-oldrel-macos-x86_64 0.0.3 NOTE
r-oldrel-windows-ix86+x86_64 0.0.3 34.00 181.00 215.00 OK

Check Details

Version: 0.0.3
Check: dependencies in R code
Result: NOTE
    Namespaces in Imports field not imported from:
     ‘magrittr’ ‘tibble’
     All declared Imports should be used.
Flavors: r-devel-linux-x86_64-fedora-clang, r-devel-linux-x86_64-fedora-gcc, r-devel-windows-x86_64-new-TK, r-release-macos-arm64, r-release-macos-x86_64, r-oldrel-macos-x86_64