CRAN Package Check Results for Package parma

Last updated on 2021-12-02 22:56:01 CET.

Flavor Version Tinstall Tcheck Ttotal Status Flags
r-devel-linux-x86_64-debian-clang 1.5-3 17.28 84.47 101.75 OK
r-devel-linux-x86_64-debian-gcc 1.5-3 15.12 62.62 77.74 OK
r-devel-linux-x86_64-fedora-clang 1.5-3 137.78 NOTE
r-devel-linux-x86_64-fedora-gcc 1.5-3 128.07 NOTE
r-devel-windows-x86_64-new-UL 1.5-3 37.00 150.00 187.00 OK
r-devel-windows-x86_64-new-TK 1.5-3 OK
r-devel-windows-x86_64-old 1.5-3 30.00 78.00 108.00 OK
r-patched-linux-x86_64 1.5-3 15.17 82.63 97.80 OK
r-patched-solaris-x86 1.5-3 153.20 NOTE
r-release-linux-x86_64 1.5-3 15.04 81.05 96.09 OK
r-release-macos-arm64 1.5-3 NOTE
r-release-macos-x86_64 1.5-3 OK
r-release-windows-ix86+x86_64 1.5-3 34.00 113.00 147.00 OK
r-oldrel-macos-x86_64 1.5-3 NOTE
r-oldrel-windows-ix86+x86_64 1.5-3 34.00 119.00 153.00 OK

Check Details

Version: 1.5-3
Check: compiled code
Result: NOTE
    File ‘parma/libs/parma.so’:
     Found no calls to: ‘R_registerRoutines’, ‘R_useDynamicSymbols’
    
    It is good practice to register native routines and to disable symbol
    search.
    
    See ‘Writing portable packages’ in the ‘Writing R Extensions’ manual.
Flavors: r-devel-linux-x86_64-fedora-clang, r-devel-linux-x86_64-fedora-gcc

Version: 1.5-3
Check: package dependencies
Result: NOTE
    Package suggested but not available for checking: ‘Rsymphony’
Flavors: r-patched-solaris-x86, r-release-macos-arm64, r-oldrel-macos-x86_64