CRAN Package Check Results for Package parmsurvfit

Last updated on 2022-01-23 22:49:49 CET.

Flavor Version Tinstall Tcheck Ttotal Status Flags
r-devel-linux-x86_64-debian-clang 0.1.0 10.02 107.69 117.71 OK
r-devel-linux-x86_64-debian-gcc 0.1.0 8.46 92.16 100.62 OK
r-devel-linux-x86_64-fedora-clang 0.1.0 142.03 NOTE
r-devel-linux-x86_64-fedora-gcc 0.1.0 145.44 NOTE
r-devel-windows-x86_64-new-UL 0.1.0 58.00 132.00 190.00 OK
r-devel-windows-x86_64-new-TK 0.1.0 NOTE
r-patched-linux-x86_64 0.1.0 9.70 101.26 110.96 OK
r-release-linux-x86_64 0.1.0 9.92 100.62 110.54 OK
r-release-macos-arm64 0.1.0 NOTE
r-release-macos-x86_64 0.1.0 NOTE
r-release-windows-ix86+x86_64 0.1.0 25.00 121.00 146.00 OK
r-oldrel-macos-x86_64 0.1.0 NOTE
r-oldrel-windows-ix86+x86_64 0.1.0 24.00 121.00 145.00 OK

Check Details

Version: 0.1.0
Check: dependencies in R code
Result: NOTE
    Namespace in Imports field not imported from: ‘flexsurv’
     All declared Imports should be used.
Flavors: r-devel-linux-x86_64-fedora-clang, r-devel-linux-x86_64-fedora-gcc, r-devel-windows-x86_64-new-TK, r-release-macos-arm64, r-release-macos-x86_64, r-oldrel-macos-x86_64