CRAN Package Check Results for Package pathfindR

Last updated on 2021-12-01 22:53:19 CET.

Flavor Version Tinstall Tcheck Ttotal Status Flags
r-devel-linux-x86_64-debian-clang 1.6.3 10.60 374.51 385.11 OK
r-devel-linux-x86_64-debian-gcc 1.6.3 8.79 287.34 296.13 OK
r-devel-linux-x86_64-fedora-clang 1.6.3 463.14 OK
r-devel-linux-x86_64-fedora-gcc 1.6.3 447.13 OK
r-devel-windows-x86_64-new-UL 1.6.3 29.00 556.00 585.00 OK
r-devel-windows-x86_64-new-TK 1.6.3 OK
r-devel-windows-x86_64-old 1.6.3 21.00 361.00 382.00 OK
r-patched-linux-x86_64 1.6.3 10.49 364.84 375.33 OK
r-release-linux-x86_64 1.6.3 11.50 364.04 375.54 OK
r-release-macos-arm64 1.6.3 OK
r-release-macos-x86_64 1.6.3 OK
r-release-windows-ix86+x86_64 1.6.3 26.00 464.00 490.00 OK
r-oldrel-macos-x86_64 1.6.3 ERROR
r-oldrel-windows-ix86+x86_64 1.6.3 29.00 655.00 684.00 OK

Check Details

Version: 1.6.3
Check: package dependencies
Result: ERROR
    Packages required but not available: 'KEGGREST', 'KEGGgraph'
    
    See section ‘The DESCRIPTION file’ in the ‘Writing R Extensions’
    manual.
Flavor: r-oldrel-macos-x86_64