CRAN Package Check Results for Package pathwayTMB

Last updated on 2024-02-25 23:02:15 CET.

Flavor Version Tinstall Tcheck Ttotal Status Flags
r-devel-linux-x86_64-debian-clang 0.1.3 19.13 175.66 194.79 OK
r-devel-linux-x86_64-debian-gcc 0.1.3 0.50 2.03 2.53 ERROR
r-devel-linux-x86_64-fedora-clang 0.1.3 230.97 NOTE
r-devel-linux-x86_64-fedora-gcc 0.1.3 3.43 ERROR
r-devel-windows-x86_64 0.1.3 19.00 135.00 154.00 OK
r-patched-linux-x86_64 0.1.3 17.21 164.26 181.47 OK
r-release-linux-x86_64 0.1.3 0.63 2.55 3.18 ERROR
r-release-macos-arm64 0.1.3 73.00 OK
r-release-macos-x86_64 0.1.3 125.00 OK
r-release-windows-x86_64 0.1.3 26.00 161.00 187.00 OK
r-oldrel-macos-arm64 0.1.3 67.00 NOTE
r-oldrel-windows-x86_64 0.1.3 24.00 171.00 195.00 OK

Check Details

Version: 0.1.3
Check: package dependencies
Result: ERROR Package required but not available: ‘clusterProfiler’ See section ‘The DESCRIPTION file’ in the ‘Writing R Extensions’ manual. Flavors: r-devel-linux-x86_64-debian-gcc, r-devel-linux-x86_64-fedora-gcc, r-release-linux-x86_64

Version: 0.1.3
Check: dependencies in R code
Result: NOTE Namespaces in Imports field not imported from: ‘clusterProfiler’ ‘purrr’ All declared Imports should be used. Flavors: r-devel-linux-x86_64-fedora-clang, r-oldrel-macos-arm64