CRAN Package Check Results for Package patternplot

Last updated on 2022-01-27 23:01:12 CET.

Flavor Version Tinstall Tcheck Ttotal Status Flags
r-devel-linux-x86_64-debian-clang 1.0.0 56.33 243.22 299.55 NOTE
r-devel-linux-x86_64-debian-gcc 1.0.0 44.04 168.07 212.11 NOTE
r-devel-linux-x86_64-fedora-clang 1.0.0 387.96 NOTE
r-devel-linux-x86_64-fedora-gcc 1.0.0 359.04 NOTE
r-devel-windows-x86_64-new-UL 1.0.0 84.00 288.00 372.00 NOTE
r-devel-windows-x86_64-new-TK 1.0.0 NOTE
r-patched-linux-x86_64 1.0.0 47.48 99.33 146.81 NOTE
r-release-linux-x86_64 1.0.0 52.62 100.47 153.09 NOTE
r-release-macos-arm64 1.0.0 NOTE
r-release-macos-x86_64 1.0.0 NOTE
r-release-windows-ix86+x86_64 1.0.0 149.00 191.00 340.00 NOTE
r-oldrel-macos-x86_64 1.0.0 NOTE
r-oldrel-windows-ix86+x86_64 1.0.0 150.00 188.00 338.00 NOTE

Check Details

Version: 1.0.0
Check: for GNU extensions in Makefiles
Result: NOTE
    GNU make is a SystemRequirements.
Flavors: r-devel-linux-x86_64-debian-clang, r-devel-linux-x86_64-debian-gcc, r-devel-linux-x86_64-fedora-clang, r-devel-linux-x86_64-fedora-gcc, r-devel-windows-x86_64-new-UL, r-devel-windows-x86_64-new-TK, r-patched-linux-x86_64, r-release-linux-x86_64, r-release-macos-arm64, r-release-macos-x86_64, r-release-windows-ix86+x86_64, r-oldrel-macos-x86_64, r-oldrel-windows-ix86+x86_64