CRAN Package Check Results for Package pbdMPI

Last updated on 2022-07-05 22:50:29 CEST.

Flavor Version Tinstall Tcheck Ttotal Status Flags
r-devel-linux-x86_64-debian-clang 0.4-4 18.50 87.72 106.22 OK
r-devel-linux-x86_64-debian-gcc 0.4-4 15.35 67.66 83.01 OK
r-devel-linux-x86_64-fedora-clang 0.4-4 143.09 OK
r-devel-linux-x86_64-fedora-gcc 0.4-4 141.34 OK
r-devel-windows-x86_64 0.4-4 309.00 156.00 465.00 OK
r-patched-linux-x86_64 0.4-4 18.25 81.96 100.21 OK
r-release-linux-x86_64 0.4-4 16.46 82.24 98.70 OK
r-release-macos-arm64 0.4-4 11.00 ERROR
r-release-macos-x86_64 0.4-4 14.00 ERROR
r-release-windows-x86_64 0.4-4 112.00 157.00 269.00 OK
r-oldrel-macos-arm64 0.4-4 11.00 ERROR
r-oldrel-macos-x86_64 0.4-4 14.00 ERROR
r-oldrel-windows-ix86+x86_64 0.4-4 56.00 113.00 169.00 OK

Check Details

Version: 0.4-4
Check: whether package can be installed
Result: ERROR
    Installation failed.
Flavors: r-release-macos-arm64, r-release-macos-x86_64, r-oldrel-macos-arm64, r-oldrel-macos-x86_64