CRAN Package Check Results for Package pbivnorm

Last updated on 2022-01-21 23:01:59 CET.

Flavor Version Tinstall Tcheck Ttotal Status Flags
r-devel-linux-x86_64-debian-clang 0.6.0 2.45 28.09 30.54 OK
r-devel-linux-x86_64-debian-gcc 0.6.0 1.94 21.64 23.58 OK
r-devel-linux-x86_64-fedora-clang 0.6.0 37.98 NOTE
r-devel-linux-x86_64-fedora-gcc 0.6.0 27.81 NOTE
r-devel-windows-x86_64-new-UL 0.6.0 22.00 41.00 63.00 OK
r-devel-windows-x86_64-new-TK 0.6.0 OK
r-patched-linux-x86_64 0.6.0 2.29 26.86 29.15 OK
r-release-linux-x86_64 0.6.0 1.81 26.81 28.62 OK
r-release-macos-arm64 0.6.0 OK
r-release-macos-x86_64 0.6.0 OK
r-release-windows-ix86+x86_64 0.6.0 7.00 30.00 37.00 OK
r-oldrel-macos-x86_64 0.6.0 OK
r-oldrel-windows-ix86+x86_64 0.6.0 6.00 28.00 34.00 OK

Check Details

Version: 0.6.0
Check: compiled code
Result: NOTE
    File ‘pbivnorm/libs/pbivnorm.so’:
     Found no calls to: ‘R_registerRoutines’, ‘R_useDynamicSymbols’
    
    It is good practice to register native routines and to disable symbol
    search.
    
    See ‘Writing portable packages’ in the ‘Writing R Extensions’ manual.
Flavors: r-devel-linux-x86_64-fedora-clang, r-devel-linux-x86_64-fedora-gcc