CRAN Package Check Results for Package pcalg

Last updated on 2021-12-02 22:56:01 CET.

Flavor Version Tinstall Tcheck Ttotal Status Flags
r-devel-linux-x86_64-debian-clang 2.7-4 114.12 376.03 490.15 OK
r-devel-linux-x86_64-debian-gcc 2.7-4 86.54 279.74 366.28 OK
r-devel-linux-x86_64-fedora-clang 2.7-4 629.00 NOTE
r-devel-linux-x86_64-fedora-gcc 2.7-4 597.65 OK
r-devel-windows-x86_64-new-UL 2.7-4 80.00 326.00 406.00 NOTE
r-devel-windows-x86_64-new-TK 2.7-4 OK
r-devel-windows-x86_64-old 2.7-4 146.00 349.00 495.00 NOTE
r-patched-linux-x86_64 2.7-4 111.08 353.98 465.06 OK
r-patched-solaris-x86 2.7-4 669.80 NOTE
r-release-linux-x86_64 2.7-4 101.40 362.03 463.43 OK
r-release-macos-arm64 2.7-4 NOTE
r-release-macos-x86_64 2.7-4 NOTE
r-release-windows-ix86+x86_64 2.7-4 182.00 568.00 750.00 NOTE
r-oldrel-macos-x86_64 2.7-4 NOTE
r-oldrel-windows-ix86+x86_64 2.7-4 257.00 723.00 980.00 NOTE

Check Details

Version: 2.7-4
Check: installed package size
Result: NOTE
     installed size is 10.9Mb
     sub-directories of 1Mb or more:
     data 2.1Mb
     libs 6.1Mb
Flavors: r-devel-linux-x86_64-fedora-clang, r-devel-windows-x86_64-new-UL, r-devel-windows-x86_64-old, r-patched-solaris-x86, r-release-macos-arm64, r-release-macos-x86_64, r-release-windows-ix86+x86_64, r-oldrel-macos-x86_64, r-oldrel-windows-ix86+x86_64

Version: 2.7-4
Check: Rd cross-references
Result: NOTE
    Undeclared packages ‘combinat’, ‘unifDAG’ in Rd xrefs
Flavor: r-devel-linux-x86_64-fedora-clang