CRAN Package Check Results for Package pcdpca

Last updated on 2021-12-08 22:57:44 CET.

Flavor Version Tinstall Tcheck Ttotal Status Flags
r-devel-linux-x86_64-debian-clang 0.4 2.10 36.43 38.53 NOTE
r-devel-linux-x86_64-debian-gcc 0.4 1.72 30.00 31.72 NOTE
r-devel-linux-x86_64-fedora-clang 0.4 49.25 NOTE
r-devel-linux-x86_64-fedora-gcc 0.4 38.14 NOTE
r-devel-windows-x86_64-new-UL 0.4 6.00 66.00 72.00 NOTE
r-devel-windows-x86_64-new-TK 0.4 NOTE
r-devel-windows-x86_64-old 0.4 4.00 34.00 38.00 NOTE
r-patched-linux-x86_64 0.4 7.46 35.20 42.66 NOTE
r-release-linux-x86_64 0.4 1.86 35.13 36.99 NOTE
r-release-macos-arm64 0.4 NOTE
r-release-macos-x86_64 0.4 NOTE
r-release-windows-ix86+x86_64 0.4 4.00 47.00 51.00 NOTE
r-oldrel-macos-x86_64 0.4 NOTE
r-oldrel-windows-ix86+x86_64 0.4 10.00 47.00 57.00 OK

Check Details

Version: 0.4
Check: LazyData
Result: NOTE
     'LazyData' is specified without a 'data' directory
Flavors: r-devel-linux-x86_64-debian-clang, r-devel-linux-x86_64-debian-gcc, r-devel-linux-x86_64-fedora-clang, r-devel-linux-x86_64-fedora-gcc, r-devel-windows-x86_64-new-UL, r-devel-windows-x86_64-new-TK, r-devel-windows-x86_64-old, r-patched-linux-x86_64, r-release-linux-x86_64, r-release-macos-arm64, r-release-macos-x86_64, r-release-windows-ix86+x86_64

Version: 0.4
Check: dependencies in R code
Result: NOTE
    Namespace in Imports field not imported from: ‘fda’
     All declared Imports should be used.
Flavors: r-devel-linux-x86_64-fedora-clang, r-devel-linux-x86_64-fedora-gcc, r-devel-windows-x86_64-new-TK, r-release-macos-arm64, r-release-macos-x86_64, r-oldrel-macos-x86_64