Last updated on 2022-05-28 22:55:15 CEST.
Flavor | Version | Tinstall | Tcheck | Ttotal | Status | Flags |
---|---|---|---|---|---|---|
r-devel-linux-x86_64-debian-clang | 1.2.1 | 2.83 | 32.80 | 35.63 | OK | |
r-devel-linux-x86_64-debian-gcc | 1.2.1 | 2.01 | 25.27 | 27.28 | OK | |
r-devel-linux-x86_64-fedora-clang | 1.2.1 | 42.30 | NOTE | |||
r-devel-linux-x86_64-fedora-gcc | 1.2.1 | 31.51 | NOTE | |||
r-devel-windows-x86_64 | 1.2.1 | 10.00 | 49.00 | 59.00 | OK | |
r-patched-linux-x86_64 | 1.2.1 | 2.23 | 31.22 | 33.45 | OK | |
r-release-linux-x86_64 | 1.2.1 | 2.19 | 31.44 | 33.63 | OK | |
r-release-macos-arm64 | 1.2.1 | 25.00 | OK | |||
r-release-macos-x86_64 | 1.2.1 | 22.00 | OK | |||
r-release-windows-x86_64 | 1.2.1 | 8.00 | 49.00 | 57.00 | OK | |
r-oldrel-macos-arm64 | 1.2.1 | 26.00 | OK | |||
r-oldrel-macos-x86_64 | 1.2.1 | 24.00 | OK | |||
r-oldrel-windows-ix86+x86_64 | 1.2.1 | 7.00 | 51.00 | 58.00 | OK |
Version: 1.2.1
Check: compiled code
Result: NOTE
File ‘pdist/libs/pdist.so’:
Found no calls to: ‘R_registerRoutines’, ‘R_useDynamicSymbols’
It is good practice to register native routines and to disable symbol
search.
See ‘Writing portable packages’ in the ‘Writing R Extensions’ manual.
Flavors: r-devel-linux-x86_64-fedora-clang, r-devel-linux-x86_64-fedora-gcc