CRAN Package Check Results for Package pdp

Last updated on 2022-01-18 22:47:33 CET.

Flavor Version Tinstall Tcheck Ttotal Status Flags
r-devel-linux-x86_64-debian-clang 0.7.0 8.14 79.60 87.74 OK
r-devel-linux-x86_64-debian-gcc 0.7.0 6.10 61.17 67.27 OK
r-devel-linux-x86_64-fedora-clang 0.7.0 104.49 NOTE
r-devel-linux-x86_64-fedora-gcc 0.7.0 91.22 OK
r-devel-windows-x86_64-new-UL 0.7.0 100.00 101.00 201.00 OK
r-devel-windows-x86_64-new-TK 0.7.0 OK
r-patched-linux-x86_64 0.7.0 6.21 76.95 83.16 OK
r-release-linux-x86_64 0.7.0 OK
r-release-macos-arm64 0.7.0 OK
r-release-macos-x86_64 0.7.0 OK
r-release-windows-ix86+x86_64 0.7.0 19.00 124.00 143.00 OK
r-oldrel-macos-x86_64 0.7.0 OK
r-oldrel-windows-ix86+x86_64 0.7.0 19.00 134.00 153.00 OK

Check Details

Version: 0.7.0
Check: Rd cross-references
Result: NOTE
    Undeclared packages ‘mlbench’, ‘foreach’, ‘ICEbox’ in Rd xrefs
Flavor: r-devel-linux-x86_64-fedora-clang