Last updated on 2022-05-23 22:58:21 CEST.
Flavor | Version | Tinstall | Tcheck | Ttotal | Status | Flags |
---|---|---|---|---|---|---|
r-devel-linux-x86_64-debian-clang | 0.2.0 | 190.80 | 84.75 | 275.55 | OK | |
r-devel-linux-x86_64-debian-gcc | 0.2.1 | 149.98 | 70.25 | 220.23 | OK | |
r-devel-linux-x86_64-fedora-clang | 0.2.1 | 410.89 | NOTE | |||
r-devel-linux-x86_64-fedora-gcc | 0.2.1 | 353.56 | OK | |||
r-devel-windows-x86_64 | 0.2.0 | 249.00 | 164.00 | 413.00 | NOTE | |
r-patched-linux-x86_64 | 0.2.0 | 124.40 | 85.14 | 209.54 | OK | |
r-release-linux-x86_64 | 0.2.1 | OK | ||||
r-release-macos-arm64 | 0.2.1 | 124.00 | NOTE | |||
r-release-macos-x86_64 | 0.2.1 | 116.00 | ERROR | |||
r-release-windows-x86_64 | 0.2.0 | 230.00 | 166.00 | 396.00 | NOTE | |
r-oldrel-macos-arm64 | 0.2.1 | 111.00 | NOTE | |||
r-oldrel-macos-x86_64 | 0.2.1 | 117.00 | ERROR | |||
r-oldrel-windows-ix86+x86_64 | 0.2.1 | 258.00 | 209.00 | 467.00 | NOTE |
Version: 0.2.1
Check: installed package size
Result: NOTE
installed size is 15.0Mb
sub-directories of 1Mb or more:
doc 4.0Mb
libs 10.8Mb
Flavors: r-devel-linux-x86_64-fedora-clang, r-release-macos-arm64, r-release-macos-x86_64, r-oldrel-macos-arm64, r-oldrel-macos-x86_64, r-oldrel-windows-ix86+x86_64
Version: 0.2.0
Check: installed package size
Result: NOTE
installed size is 7.1Mb
sub-directories of 1Mb or more:
doc 4.2Mb
libs 2.1Mb
Flavors: r-devel-windows-x86_64, r-release-windows-x86_64
Version: 0.2.1
Check: tests
Result: ERROR
Running ‘testthat.R’ [13s/13s]
Running the tests in ‘tests/testthat.R’ failed.
Last 13 lines of output:
══ Failed tests ════════════════════════════════════════════════════════════════
── Failure (test-man-pages.R:157:3): examples in manual pages gives the correct answer for eval_pedigree_[ll]/[grad]/[hess] ──
`hess_w_weight` not equal to `hess_true`.
2/25 mismatches (average diff: 0.351)
[19] -0.6377 - -0.215 == -0.423
[25] 0.0631 - -0.216 == 0.279
── Failure (test-man-pages.R:163:3): examples in manual pages gives the correct answer for eval_pedigree_[ll]/[grad]/[hess] ──
`hess_grad` not equal to c(deriv_w_weight).
2/5 mismatches (average diff: 0.351)
[4] -0.738 - -0.315 == -0.423
[5] 0.000 - -0.279 == 0.279
[ FAIL 2 | WARN 0 | SKIP 0 | PASS 484 ]
Error: Test failures
Execution halted
Flavors: r-release-macos-x86_64, r-oldrel-macos-x86_64