CRAN Package Check Results for Package pedometrics

Last updated on 2022-09-24 22:54:43 CEST.

Flavor Version Tinstall Tcheck Ttotal Status Flags
r-devel-linux-x86_64-debian-clang 0.12.1 20.80 53.58 74.38 NOTE
r-devel-linux-x86_64-debian-gcc 0.12.1 14.38 40.14 54.52 NOTE
r-devel-linux-x86_64-fedora-clang 0.12.1 106.82 NOTE
r-devel-linux-x86_64-fedora-gcc 0.12.1 99.12 NOTE
r-devel-windows-x86_64 0.12.1 43.00 105.00 148.00 OK
r-patched-linux-x86_64 0.12.1 17.64 49.49 67.13 NOTE
r-release-linux-x86_64 0.12.1 18.44 49.17 67.61 NOTE
r-release-macos-arm64 0.12.1 25.00 OK
r-release-macos-x86_64 0.12.1 40.00 OK
r-release-windows-x86_64 0.12.1 35.00 108.00 143.00 OK
r-oldrel-macos-arm64 0.12.1 23.00 OK
r-oldrel-macos-x86_64 0.12.1 41.00 OK
r-oldrel-windows-ix86+x86_64 0.12.1 53.00 110.00 163.00 OK

Additional issues

noSuggests

Check Details

Version: 0.12.1
Check: package dependencies
Result: NOTE
    Package suggested but not available for checking: 'georob'
Flavors: r-devel-linux-x86_64-debian-clang, r-devel-linux-x86_64-debian-gcc, r-devel-linux-x86_64-fedora-clang, r-devel-linux-x86_64-fedora-gcc, r-patched-linux-x86_64, r-release-linux-x86_64