CRAN Package Check Results for Package penalized

Last updated on 2024-02-21 23:11:37 CET.

Flavor Version Tinstall Tcheck Ttotal Status Flags
r-devel-linux-x86_64-debian-clang 0.9-52 NOTE
r-devel-linux-x86_64-debian-gcc 0.9-52 75.39 96.64 172.03 NOTE
r-devel-linux-x86_64-fedora-clang 0.9-52 292.88 NOTE
r-devel-linux-x86_64-fedora-gcc 0.9-52 309.08 NOTE
r-devel-windows-x86_64 0.9-52 69.00 141.00 210.00 NOTE
r-patched-linux-x86_64 0.9-52 99.54 125.06 224.60 NOTE
r-release-linux-x86_64 0.9-52 93.09 125.27 218.36 NOTE
r-release-macos-arm64 0.9-52 103.00 NOTE
r-release-macos-x86_64 0.9-52 173.00 NOTE
r-release-windows-x86_64 0.9-52 90.00 164.00 254.00 NOTE
r-oldrel-macos-arm64 0.9-52 87.00 NOTE
r-oldrel-windows-x86_64 0.9-52 90.00 157.00 247.00 OK

Check Details

Version: 0.9-52
Check: C++ specification
Result: NOTE Specified C++11: please drop specification unless essential Flavors: r-devel-linux-x86_64-debian-clang, r-devel-linux-x86_64-debian-gcc, r-devel-linux-x86_64-fedora-clang, r-devel-linux-x86_64-fedora-gcc, r-devel-windows-x86_64, r-patched-linux-x86_64, r-release-linux-x86_64, r-release-macos-arm64, r-release-macos-x86_64, r-release-windows-x86_64

Version: 0.9-52
Check: Rd files
Result: NOTE checkRd: (-1) breslow.Rd:27: Escaped LaTeX specials: \# \# Flavors: r-devel-linux-x86_64-debian-clang, r-devel-linux-x86_64-debian-gcc, r-devel-linux-x86_64-fedora-clang, r-devel-linux-x86_64-fedora-gcc, r-devel-windows-x86_64, r-patched-linux-x86_64, r-release-linux-x86_64, r-release-macos-arm64, r-release-macos-x86_64, r-release-windows-x86_64

Version: 0.9-52
Check: installed package size
Result: NOTE installed size is 6.4Mb sub-directories of 1Mb or more: libs 5.4Mb Flavors: r-release-macos-arm64, r-release-macos-x86_64, r-oldrel-macos-arm64