CRAN Package Check Results for Package pencal

Last updated on 2022-01-27 23:01:12 CET.

Flavor Version Tinstall Tcheck Ttotal Status Flags
r-devel-linux-x86_64-debian-clang 1.0.1 14.89 156.34 171.23 OK
r-devel-linux-x86_64-debian-gcc 1.0.1 11.29 117.34 128.63 OK
r-devel-linux-x86_64-fedora-clang 1.0.1 195.73 OK
r-devel-linux-x86_64-fedora-gcc 1.0.1 189.69 OK
r-devel-windows-x86_64-new-UL 1.0.1 31.00 322.00 353.00 OK
r-devel-windows-x86_64-new-TK 1.0.1 ERROR
r-patched-linux-x86_64 1.0.1 17.93 135.44 153.37 OK
r-release-linux-x86_64 1.0.1 11.06 133.70 144.76 OK
r-release-macos-arm64 1.0.1 ERROR
r-release-macos-x86_64 1.0.1 ERROR
r-release-windows-ix86+x86_64 1.0.1 28.00 254.00 282.00 OK
r-oldrel-macos-x86_64 1.0.1 ERROR
r-oldrel-windows-ix86+x86_64 1.0.1 30.00 257.00 287.00 OK

Check Details

Version: 1.0.1
Check: package dependencies
Result: NOTE
    Packages suggested but not available for checking: 'ptmixed', 'survminer'
Flavor: r-devel-windows-x86_64-new-TK

Version: 1.0.1
Check: examples
Result: ERROR
    Running examples in 'pencal-Ex.R' failed
    The error most likely occurred in:
    
    > ### Name: simulate_prclmm_data
    > ### Title: Simulate data that can be used to fit the PRC-LMM model
    > ### Aliases: simulate_prclmm_data
    >
    > ### ** Examples
    >
    > # generate example data
    > simdata = simulate_prclmm_data(n = 20, p = 10,
    + p.relev = 4, seed = 1)
    > # view the longitudinal markers:
    > library(ptmixed)
    Error in library(ptmixed) : there is no package called 'ptmixed'
    Execution halted
Flavors: r-devel-windows-x86_64-new-TK, r-release-macos-arm64, r-release-macos-x86_64, r-oldrel-macos-x86_64

Version: 1.0.1
Check: re-building of vignette outputs
Result: WARN
    Error(s) in re-building vignettes:
    --- re-building 'pencal-vignette.Rmd' using rmarkdown
    Quitting from lines 135-144 (pencal-vignette.Rmd)
    Error: processing vignette 'pencal-vignette.Rmd' failed with diagnostics:
    there is no package called 'ptmixed'
    --- failed re-building 'pencal-vignette.Rmd'
    
    SUMMARY: processing the following file failed:
     'pencal-vignette.Rmd'
    
    Error: Vignette re-building failed.
    Execution halted
Flavor: r-devel-windows-x86_64-new-TK

Version: 1.0.1
Check: package dependencies
Result: NOTE
    Package suggested but not available for checking: ‘ptmixed’
Flavors: r-release-macos-arm64, r-release-macos-x86_64, r-oldrel-macos-x86_64

Version: 1.0.1
Check: re-building of vignette outputs
Result: WARN
    Error(s) in re-building vignettes:
     ...
    --- re-building ‘pencal-vignette.Rmd’ using rmarkdown
    Quitting from lines 135-144 (pencal-vignette.Rmd)
    Error: processing vignette 'pencal-vignette.Rmd' failed with diagnostics:
    there is no package called 'ptmixed'
    --- failed re-building ‘pencal-vignette.Rmd’
    
    SUMMARY: processing the following file failed:
     ‘pencal-vignette.Rmd’
    
    Error: Vignette re-building failed.
    Execution halted
Flavor: r-release-macos-arm64

Version: 1.0.1
Check: re-building of vignette outputs
Result: WARN
    Error(s) in re-building vignettes:
     ...
    --- re-building ‘pencal-vignette.Rmd’ using rmarkdown
    Pandoc is required to build R Markdown vignettes but not available. Please make sure it is installed.
    Quitting from lines 135-144 (pencal-vignette.Rmd)
    Error: processing vignette 'pencal-vignette.Rmd' failed with diagnostics:
    there is no package called 'ptmixed'
    --- failed re-building ‘pencal-vignette.Rmd’
    
    SUMMARY: processing the following file failed:
     ‘pencal-vignette.Rmd’
    
    Error: Vignette re-building failed.
    Execution halted
Flavors: r-release-macos-x86_64, r-oldrel-macos-x86_64