CRAN Package Check Results for Package penppml

Last updated on 2022-01-28 23:00:46 CET.

Flavor Version Tinstall Tcheck Ttotal Status Flags
r-devel-linux-x86_64-debian-clang 0.1.1 40.78 136.88 177.66 OK
r-devel-linux-x86_64-debian-gcc 0.1.1 29.88 94.58 124.46 OK
r-devel-linux-x86_64-fedora-clang 0.1.1 235.19 NOTE
r-devel-linux-x86_64-fedora-gcc 0.1.1 203.50 NOTE
r-devel-windows-x86_64-new-UL 0.1.1 90.00 159.00 249.00 OK
r-devel-windows-x86_64-new-TK 0.1.1 NOTE
r-patched-linux-x86_64 0.1.1 33.59 113.36 146.95 OK
r-release-linux-x86_64 0.1.1 30.39 113.41 143.80 OK
r-release-macos-arm64 0.1.1 NOTE
r-release-macos-x86_64 0.1.1 NOTE
r-release-windows-ix86+x86_64 0.1.1 87.00 186.00 273.00 OK
r-oldrel-macos-x86_64 0.1.1 NOTE
r-oldrel-windows-ix86+x86_64 0.1.1 86.00 186.00 272.00 OK

Check Details

Version: 0.1.1
Check: installed package size
Result: NOTE
     installed size is 8.7Mb
     sub-directories of 1Mb or more:
     data 1.8Mb
     libs 6.5Mb
Flavors: r-devel-linux-x86_64-fedora-clang, r-release-macos-arm64, r-release-macos-x86_64, r-oldrel-macos-x86_64

Version: 0.1.1
Check: dependencies in R code
Result: NOTE
    Namespace in Imports field not imported from: ‘fixest’
     All declared Imports should be used.
Flavors: r-devel-linux-x86_64-fedora-clang, r-devel-linux-x86_64-fedora-gcc, r-devel-windows-x86_64-new-TK, r-release-macos-arm64, r-release-macos-x86_64, r-oldrel-macos-x86_64