CRAN Package Check Results for Package permute

Last updated on 2022-01-23 22:49:49 CET.

Flavor Version Tinstall Tcheck Ttotal Status Flags
r-devel-linux-x86_64-debian-clang 0.9-5 4.29 61.14 65.43 ERROR
r-devel-linux-x86_64-debian-gcc 0.9-5 3.03 50.34 53.37 ERROR
r-devel-linux-x86_64-fedora-clang 0.9-5 80.73 ERROR
r-devel-linux-x86_64-fedora-gcc 0.9-5 71.49 ERROR
r-devel-windows-x86_64-new-UL 0.9-5 61.00 105.00 166.00 ERROR
r-devel-windows-x86_64-new-TK 0.9-5 ERROR
r-patched-linux-x86_64 0.9-5 3.75 58.90 62.65 OK
r-release-linux-x86_64 0.9-5 3.38 58.91 62.29 OK
r-release-macos-arm64 0.9-5 OK
r-release-macos-x86_64 0.9-5 OK
r-release-windows-ix86+x86_64 0.9-5 8.00 85.00 93.00 ERROR
r-oldrel-macos-x86_64 0.9-5 OK
r-oldrel-windows-ix86+x86_64 0.9-5 8.00 82.00 90.00 OK

Check Details

Version: 0.9-5
Check: examples
Result: ERROR
    Running examples in 'permute-Ex.R' failed
    The error most likely occurred in:
    
    > base::assign(".ptime", proc.time(), pos = "CheckExEnv")
    > ### Name: shuffle-utils
    > ### Title: Utility functions for unrestricted and restricted permutations
    > ### Aliases: shuffle-utils shuffleFree shuffleGrid shuffleSeries
    > ### shuffleStrata
    > ### Keywords: htest design
    >
    > ### ** Examples
    >
    > ## Don't show:
    > suppressWarnings(RNGversion("3.5.0"))
    > ## End(Don't show)
    > set.seed(3)
    >
    > ## draw 1 value at random from the set 1:10
    > shuffleFree(1:10, 1)
    Error in sample.int(x, size, replace = FALSE) :
     length(n) == 1L is not TRUE
    Calls: shuffleFree -> sample.int -> stopifnot
    Execution halted
Flavors: r-devel-linux-x86_64-debian-clang, r-devel-linux-x86_64-debian-gcc

Version: 0.9-5
Check: examples
Result: ERROR
    Running examples in ‘permute-Ex.R’ failed
    The error most likely occurred in:
    
    > ### Name: shuffle-utils
    > ### Title: Utility functions for unrestricted and restricted permutations
    > ### Aliases: shuffle-utils shuffleFree shuffleGrid shuffleSeries
    > ### shuffleStrata
    > ### Keywords: htest design
    >
    > ### ** Examples
    >
    > ## Don't show:
    > suppressWarnings(RNGversion("3.5.0"))
    > ## End(Don't show)
    > set.seed(3)
    >
    > ## draw 1 value at random from the set 1:10
    > shuffleFree(1:10, 1)
    Error in sample.int(x, size, replace = FALSE) :
     length(n) == 1L is not TRUE
    Calls: shuffleFree -> sample.int -> stopifnot
    Execution halted
Flavors: r-devel-linux-x86_64-fedora-clang, r-devel-linux-x86_64-fedora-gcc, r-devel-windows-x86_64-new-UL, r-devel-windows-x86_64-new-TK

Version: 0.9-5
Check: tests
Result: ERROR
     Running 'testthat.R' [4s]
    Running the tests in 'tests/testthat.R' failed.
    Complete output:
     > ## Test `permute` using the `testthat` package
     >
     > ## Setup
     > library("testthat")
     > library("permute")
     >
     > ## Runs the tests in inst/tests
     > test_check("permute")
     [ FAIL 0 | WARN 0 | SKIP 0 | PASS 301 ]
     >
     > proc.time()
     user system elapsed
     4.07 0.28 4.35
Flavor: r-release-windows-ix86+x86_64