CRAN Package Check Results for Package pgirmess

Last updated on 2023-06-03 22:56:49 CEST.

Flavor Version Tinstall Tcheck Ttotal Status Flags
r-devel-linux-x86_64-debian-clang 2.0.2 8.37 86.99 95.36 OK
r-devel-linux-x86_64-debian-gcc 2.0.2 6.13 64.93 71.06 OK
r-devel-linux-x86_64-fedora-clang 2.0.2 116.53 NOTE
r-devel-linux-x86_64-fedora-gcc 2.0.2 112.66 OK
r-devel-windows-x86_64 2.0.2 10.00 90.00 100.00 OK
r-patched-linux-x86_64 2.0.2 OK
r-release-linux-x86_64 2.0.2 6.69 81.14 87.83 OK
r-release-macos-arm64 2.0.2 36.00 OK
r-release-macos-x86_64 2.0.2 59.00 OK
r-release-windows-x86_64 2.0.2 12.00 98.00 110.00 OK
r-oldrel-macos-arm64 2.0.2 35.00 OK
r-oldrel-macos-x86_64 2.0.2 47.00 OK
r-oldrel-windows-x86_64 2.0.2 12.00 106.00 118.00 OK

Check Details

Version: 2.0.2
Check: Rd cross-references
Result: NOTE
    Undeclared packages ‘classInt’, ‘maptools’, ‘agricolae’, ‘rgdal’, ‘plotrix’, ‘AICcmodavg’ in Rd xrefs
Flavor: r-devel-linux-x86_64-fedora-clang