CRAN Package Check Results for Package ph2rand

Last updated on 2022-05-28 22:55:15 CEST.

Flavor Version Tinstall Tcheck Ttotal Status Flags
r-devel-linux-x86_64-debian-clang 0.1.0 85.76 1100.75 1186.51 OK
r-devel-linux-x86_64-debian-gcc 0.1.0 66.91 800.28 867.19 OK
r-devel-linux-x86_64-fedora-clang 0.1.0 1398.30 NOTE
r-devel-linux-x86_64-fedora-gcc 0.1.0 1354.23 OK
r-devel-windows-x86_64 0.1.0 154.00 1172.00 1326.00 NOTE
r-patched-linux-x86_64 0.1.0 68.88 1030.25 1099.13 OK
r-release-linux-x86_64 0.1.0 64.66 1051.72 1116.38 OK
r-release-macos-arm64 0.1.0 113.00 NOTE
r-release-macos-x86_64 0.1.0 610.00 NOTE
r-release-windows-x86_64 0.1.0 290.00 1143.00 1433.00 NOTE
r-oldrel-macos-arm64 0.1.0 126.00 NOTE
r-oldrel-macos-x86_64 0.1.0 234.00 NOTE
r-oldrel-windows-ix86+x86_64 0.1.0 169.00 1288.00 1457.00 NOTE

Check Details

Version: 0.1.0
Check: installed package size
Result: NOTE
     installed size is 11.3Mb
     sub-directories of 1Mb or more:
     doc 6.3Mb
     help 1.2Mb
     libs 3.5Mb
Flavors: r-devel-linux-x86_64-fedora-clang, r-devel-windows-x86_64, r-release-macos-arm64, r-release-macos-x86_64, r-release-windows-x86_64, r-oldrel-macos-arm64, r-oldrel-macos-x86_64, r-oldrel-windows-ix86+x86_64