Last updated on 2023-03-24 22:55:18 CET.
Flavor | Version | Tinstall | Tcheck | Ttotal | Status | Flags |
---|---|---|---|---|---|---|
r-devel-linux-x86_64-debian-clang | 1.0.2 | 9.59 | 72.51 | 82.10 | OK | |
r-devel-linux-x86_64-debian-gcc | 1.0.2 | 7.95 | 58.12 | 66.07 | OK | |
r-devel-linux-x86_64-fedora-clang | 1.0.2 | 110.19 | NOTE | |||
r-devel-linux-x86_64-fedora-gcc | 1.0.2 | 102.01 | OK | |||
r-patched-linux-x86_64 | 1.0.2 | 8.83 | 75.26 | 84.09 | OK | |
r-release-linux-x86_64 | 1.0.2 | 7.18 | 69.80 | 76.98 | OK | |
r-release-macos-arm64 | 1.0.2 | 41.00 | OK | |||
r-release-macos-x86_64 | 1.0.2 | 49.00 | OK | |||
r-release-windows-x86_64 | 1.0.2 | 38.00 | 115.00 | 153.00 | OK | |
r-oldrel-macos-arm64 | 1.0.2 | 35.00 | OK | |||
r-oldrel-macos-x86_64 | 1.0.2 | 56.00 | OK | |||
r-oldrel-windows-ix86+x86_64 | 1.0.2 | 23.00 | 115.00 | 138.00 | OK |
Version: 1.0.2
Check: Rd cross-references
Result: NOTE
Undeclared package ‘phase1RMD’ in Rd xrefs
Flavor: r-devel-linux-x86_64-fedora-clang