CRAN Package Check Results for Package pheatmap

Last updated on 2024-05-23 23:09:18 CEST.

Flavor Version Tinstall Tcheck Ttotal Status Flags
r-devel-linux-x86_64-debian-clang 1.0.12 4.01 39.28 43.29 NOTE
r-devel-linux-x86_64-debian-gcc 1.0.12 3.14 30.19 33.33 NOTE
r-devel-linux-x86_64-fedora-clang 1.0.12 55.33 NOTE
r-devel-linux-x86_64-fedora-gcc 1.0.12 51.73 NOTE
r-devel-windows-x86_64 1.0.12 4.00 48.00 52.00 OK
r-patched-linux-x86_64 1.0.12 8.06 38.59 46.65 NOTE
r-release-linux-x86_64 1.0.12 3.85 37.73 41.58 NOTE
r-release-macos-arm64 1.0.12 20.00 OK
r-release-windows-x86_64 1.0.12 5.00 49.00 54.00 OK
r-oldrel-macos-arm64 1.0.12 20.00 OK
r-oldrel-macos-x86_64 1.0.12 29.00 OK
r-oldrel-windows-x86_64 1.0.12 5.00 52.00 57.00 OK

Check Details

Version: 1.0.12
Check: for non-standard things in the check directory
Result: NOTE Found the following files/directories: ‘test.pdf’ Flavors: r-devel-linux-x86_64-debian-clang, r-devel-linux-x86_64-debian-gcc, r-devel-linux-x86_64-fedora-clang, r-devel-linux-x86_64-fedora-gcc, r-patched-linux-x86_64, r-release-linux-x86_64