CRAN Package Check Results for Package phylosamp

Last updated on 2022-05-24 22:50:13 CEST.

Flavor Version Tinstall Tcheck Ttotal Status Flags
r-devel-linux-x86_64-debian-clang 0.1.6 2.62 78.44 81.06 OK
r-devel-linux-x86_64-debian-gcc 0.1.6 1.83 58.45 60.28 OK
r-devel-linux-x86_64-fedora-clang 0.1.6 95.55 NOTE
r-devel-linux-x86_64-fedora-gcc 0.1.6 84.78 NOTE
r-devel-windows-x86_64 0.1.6 26.00 111.00 137.00 OK
r-patched-linux-x86_64 0.1.6 3.06 73.22 76.28 OK
r-release-linux-x86_64 0.1.6 OK
r-release-macos-arm64 0.1.6 30.00 NOTE
r-release-macos-x86_64 0.1.6 57.00 NOTE
r-release-windows-x86_64 0.1.6 29.00 105.00 134.00 OK
r-oldrel-macos-arm64 0.1.6 49.00 NOTE
r-oldrel-macos-x86_64 0.1.6 45.00 NOTE
r-oldrel-windows-ix86+x86_64 0.1.6 8.00 96.00 104.00 OK

Check Details

Version: 0.1.6
Check: dependencies in R code
Result: NOTE
    Namespaces in Imports field not imported from:
     ‘RColorBrewer’ ‘cowplot’ ‘ggplot2’ ‘reshape2’
     All declared Imports should be used.
Flavors: r-devel-linux-x86_64-fedora-clang, r-devel-linux-x86_64-fedora-gcc, r-release-macos-arm64, r-release-macos-x86_64, r-oldrel-macos-arm64, r-oldrel-macos-x86_64