Last updated on 2023-06-03 22:56:49 CEST.
Flavor | Version | Tinstall | Tcheck | Ttotal | Status | Flags |
---|---|---|---|---|---|---|
r-devel-linux-x86_64-debian-clang | 0.50 | 6.69 | 71.20 | 77.89 | OK | |
r-devel-linux-x86_64-debian-gcc | 0.50 | 5.11 | 53.86 | 58.97 | OK | |
r-devel-linux-x86_64-fedora-clang | 0.50 | 97.23 | NOTE | |||
r-devel-linux-x86_64-fedora-gcc | 0.50 | 91.98 | NOTE | |||
r-devel-windows-x86_64 | 0.50 | 8.00 | 76.00 | 84.00 | OK | |
r-patched-linux-x86_64 | 0.50 | OK | ||||
r-release-linux-x86_64 | 0.50 | 5.09 | 67.84 | 72.93 | OK | |
r-release-macos-arm64 | 0.50 | 34.00 | OK | |||
r-release-macos-x86_64 | 0.50 | 51.00 | OK | |||
r-release-windows-x86_64 | 0.50 | 10.00 | 82.00 | 92.00 | OK | |
r-oldrel-macos-arm64 | 0.50 | 31.00 | NOTE | |||
r-oldrel-macos-x86_64 | 0.50 | 61.00 | NOTE | |||
r-oldrel-windows-x86_64 | 0.50 | 10.00 | 90.00 | 100.00 | OK |
Version: 0.50
Check: dependencies in R code
Result: NOTE
Namespace in Imports field not imported from: ‘FrF2.catlg128’
All declared Imports should be used.
Flavors: r-devel-linux-x86_64-fedora-clang, r-devel-linux-x86_64-fedora-gcc, r-oldrel-macos-arm64, r-oldrel-macos-x86_64
Version: 0.50
Check: Rd cross-references
Result: NOTE
Undeclared package ‘BsMD’ in Rd xrefs
Flavor: r-devel-linux-x86_64-fedora-clang