CRAN Package Check Results for Package pingers

Last updated on 2023-03-23 22:52:40 CET.

Flavor Version Tinstall Tcheck Ttotal Status Flags
r-devel-linux-x86_64-debian-clang 0.1.1 8.40 69.20 77.60 NOTE
r-devel-linux-x86_64-debian-gcc 0.1.1 7.05 50.29 57.34 NOTE
r-devel-linux-x86_64-fedora-clang 0.1.1 94.65 NOTE
r-devel-linux-x86_64-fedora-gcc 0.1.1 87.52 NOTE
r-patched-linux-x86_64 0.1.1 7.45 65.82 73.27 NOTE
r-release-linux-x86_64 0.1.1 5.49 64.21 69.70 NOTE
r-release-macos-arm64 0.1.1 29.00 NOTE
r-release-macos-x86_64 0.1.1 49.00 NOTE
r-release-windows-x86_64 0.1.1 12.00 114.00 126.00 NOTE
r-oldrel-macos-arm64 0.1.1 28.00 NOTE
r-oldrel-macos-x86_64 0.1.1 39.00 NOTE
r-oldrel-windows-ix86+x86_64 0.1.1 21.00 95.00 116.00 NOTE

Check Details

Version: 0.1.1
Check: LazyData
Result: NOTE
     'LazyData' is specified without a 'data' directory
Flavors: r-devel-linux-x86_64-debian-clang, r-devel-linux-x86_64-debian-gcc, r-devel-linux-x86_64-fedora-clang, r-devel-linux-x86_64-fedora-gcc, r-patched-linux-x86_64, r-release-linux-x86_64, r-release-macos-arm64, r-release-macos-x86_64, r-release-windows-x86_64, r-oldrel-macos-arm64, r-oldrel-macos-x86_64, r-oldrel-windows-ix86+x86_64