CRAN Package Check Results for Package pipefittr

Last updated on 2023-02-08 16:52:17 CET.

Flavor Version Tinstall Tcheck Ttotal Status Flags
r-devel-linux-x86_64-debian-clang 0.1.2 4.53 39.52 44.05 NOTE
r-devel-linux-x86_64-debian-gcc 0.1.2 2.27 30.39 32.66 NOTE
r-devel-linux-x86_64-fedora-clang 0.1.2 55.17 NOTE
r-devel-linux-x86_64-fedora-gcc 0.1.2 56.10 NOTE
r-devel-windows-x86_64 0.1.2 7.00 65.00 72.00 NOTE
r-patched-linux-x86_64 0.1.2 4.93 39.94 44.87 NOTE
r-release-linux-x86_64 0.1.2 3.40 41.12 44.52 NOTE
r-release-macos-arm64 0.1.2 18.00 NOTE
r-release-macos-x86_64 0.1.2 35.00 NOTE
r-release-windows-x86_64 0.1.2 17.00 74.00 91.00 NOTE
r-oldrel-macos-arm64 0.1.2 22.00 NOTE
r-oldrel-macos-x86_64 0.1.2 36.00 NOTE
r-oldrel-windows-ix86+x86_64 0.1.2 13.00 66.00 79.00 NOTE

Check Details

Version: 0.1.2
Check: LazyData
Result: NOTE
     'LazyData' is specified without a 'data' directory
Flavors: r-devel-linux-x86_64-debian-clang, r-devel-linux-x86_64-debian-gcc, r-devel-linux-x86_64-fedora-clang, r-devel-linux-x86_64-fedora-gcc, r-devel-windows-x86_64, r-patched-linux-x86_64, r-release-linux-x86_64, r-release-macos-arm64, r-release-macos-x86_64, r-release-windows-x86_64, r-oldrel-macos-arm64, r-oldrel-macos-x86_64, r-oldrel-windows-ix86+x86_64