CRAN Package Check Results for Package pirate

Last updated on 2022-01-26 22:54:59 CET.

Flavor Version Tinstall Tcheck Ttotal Status Flags
r-devel-linux-x86_64-debian-clang 1.0.0 36.14 63.90 100.04 OK
r-devel-linux-x86_64-debian-gcc 1.0.0 29.55 47.45 77.00 OK
r-devel-linux-x86_64-fedora-clang 1.0.0 133.35 NOTE
r-devel-linux-x86_64-fedora-gcc 1.0.0 117.47 NOTE
r-devel-windows-x86_64-new-UL 1.0.0 42.00 104.00 146.00 OK
r-devel-windows-x86_64-new-TK 1.0.0 OK
r-patched-linux-x86_64 1.0.0 33.33 56.58 89.91 OK
r-release-linux-x86_64 1.0.0 32.63 55.86 88.49 OK
r-release-macos-arm64 1.0.0 OK
r-release-macos-x86_64 1.0.0 OK
r-release-windows-ix86+x86_64 1.0.0 93.00 105.00 198.00 OK
r-oldrel-macos-x86_64 1.0.0 OK
r-oldrel-windows-ix86+x86_64 1.0.0 94.00 107.00 201.00 OK

Check Details

Version: 1.0.0
Check: compiled code
Result: NOTE
    File ‘pirate/libs/pirate.so’:
     Found no calls to: ‘R_registerRoutines’, ‘R_useDynamicSymbols’
    
    It is good practice to register native routines and to disable symbol
    search.
    
    See ‘Writing portable packages’ in the ‘Writing R Extensions’ manual.
Flavors: r-devel-linux-x86_64-fedora-clang, r-devel-linux-x86_64-fedora-gcc