CRAN Package Check Results for Package pixiedust

Last updated on 2021-11-26 23:03:34 CET.

Flavor Version Tinstall Tcheck Ttotal Status Flags
r-devel-linux-x86_64-debian-clang 0.9.1 8.83 86.00 94.83 NOTE
r-devel-linux-x86_64-debian-gcc 0.9.1 6.67 63.79 70.46 NOTE
r-devel-linux-x86_64-fedora-clang 0.9.1 122.12 NOTE
r-devel-linux-x86_64-fedora-gcc 0.9.1 110.60 NOTE
r-devel-windows-x86_64-new-UL 0.9.1 24.00 141.00 165.00 NOTE
r-devel-windows-x86_64-new-TK 0.9.1 NOTE
r-devel-windows-x86_64-old 0.9.1 10.00 114.00 124.00 NOTE
r-patched-linux-x86_64 0.9.1 7.72 84.29 92.01 NOTE
r-patched-solaris-x86 0.9.1 129.70 NOTE
r-release-linux-x86_64 0.9.1 NOTE
r-release-macos-arm64 0.9.1 NOTE
r-release-macos-x86_64 0.9.1 NOTE
r-release-windows-ix86+x86_64 0.9.1 15.00 82.00 97.00 NOTE
r-oldrel-macos-x86_64 0.9.1 OK
r-oldrel-windows-ix86+x86_64 0.9.1 10.00 108.00 118.00 OK

Check Details

Version: 0.9.1
Check: LazyData
Result: NOTE
     'LazyData' is specified without a 'data' directory
Flavors: r-devel-linux-x86_64-debian-clang, r-devel-linux-x86_64-debian-gcc, r-devel-linux-x86_64-fedora-clang, r-devel-linux-x86_64-fedora-gcc, r-devel-windows-x86_64-new-UL, r-devel-windows-x86_64-new-TK, r-devel-windows-x86_64-old, r-patched-linux-x86_64, r-patched-solaris-x86, r-release-linux-x86_64, r-release-macos-arm64, r-release-macos-x86_64, r-release-windows-ix86+x86_64

Version: 0.9.1
Check: Rd cross-references
Result: NOTE
    Undeclared package ‘Hmisc’ in Rd xrefs
Flavor: r-devel-linux-x86_64-fedora-clang