Last updated on 2022-06-24 22:53:43 CEST.
Flavor | Version | Tinstall | Tcheck | Ttotal | Status | Flags |
---|---|---|---|---|---|---|
r-devel-linux-x86_64-debian-clang | 2.0.4 | 9.66 | 143.59 | 153.25 | OK | |
r-devel-linux-x86_64-debian-gcc | 2.0.4 | 8.77 | 109.40 | 118.17 | OK | |
r-devel-linux-x86_64-fedora-clang | 2.0.5 | 190.97 | NOTE | |||
r-devel-linux-x86_64-fedora-gcc | 2.0.5 | 210.13 | OK | |||
r-devel-windows-x86_64 | 2.0.4 | 92.00 | 216.00 | 308.00 | OK | |
r-patched-linux-x86_64 | 2.0.4 | 12.46 | 139.49 | 151.95 | OK | |
r-release-linux-x86_64 | 2.0.5 | 8.68 | 140.73 | 149.41 | OK | |
r-release-macos-arm64 | 2.0.5 | 90.00 | OK | |||
r-release-macos-x86_64 | 2.0.4 | 110.00 | OK | |||
r-release-windows-x86_64 | 2.0.4 | 148.00 | 238.00 | 386.00 | OK | |
r-oldrel-macos-arm64 | 2.0.5 | 77.00 | OK | |||
r-oldrel-macos-x86_64 | 2.0.4 | 117.00 | OK | |||
r-oldrel-windows-ix86+x86_64 | 2.0.5 | 19.00 | 220.00 | 239.00 | OK |
Version: 2.0.5
Check: Rd cross-references
Result: NOTE
Undeclared package ‘usethis’ in Rd xrefs
Flavor: r-devel-linux-x86_64-fedora-clang