Last updated on 2022-06-24 22:53:43 CEST.
Flavor | Version | Tinstall | Tcheck | Ttotal | Status | Flags |
---|---|---|---|---|---|---|
r-devel-linux-x86_64-debian-clang | 1.2.4 | 7.19 | 117.97 | 125.16 | OK | |
r-devel-linux-x86_64-debian-gcc | 1.2.4 | 3.79 | 87.36 | 91.15 | OK | |
r-devel-linux-x86_64-fedora-clang | 1.2.4 | 155.19 | OK | |||
r-devel-linux-x86_64-fedora-gcc | 1.2.4 | 256.43 | OK | |||
r-devel-windows-x86_64 | 1.2.4 | 99.00 | 155.00 | 254.00 | OK | |
r-patched-linux-x86_64 | 1.2.4 | 4.89 | 110.34 | 115.23 | OK | |
r-release-linux-x86_64 | 1.2.4 | 5.32 | 109.12 | 114.44 | OK | |
r-release-macos-arm64 | 1.2.4 | 89.00 | OK | |||
r-release-macos-x86_64 | 1.2.4 | 150.00 | OK | |||
r-release-windows-x86_64 | 1.2.4 | 58.00 | 164.00 | 222.00 | OK | |
r-oldrel-macos-arm64 | 1.2.4 | 460.00 | OK | |||
r-oldrel-macos-x86_64 | 1.2.4 | 142.00 | OK | |||
r-oldrel-windows-ix86+x86_64 | 1.2.4 | 6.00 | 9.00 | 15.00 | ERROR |
Version: 1.2.4
Check: whether package can be installed
Result: ERROR
Installation failed.
Flavor: r-oldrel-windows-ix86+x86_64