CRAN Package Check Results for Package plantecowrap

Last updated on 2022-05-24 22:50:13 CEST.

Flavor Version Tinstall Tcheck Ttotal Status Flags
r-devel-linux-x86_64-debian-clang 1.0.4 6.12 194.03 200.15 NOTE
r-devel-linux-x86_64-debian-gcc 1.0.4 5.60 134.62 140.22 NOTE
r-devel-linux-x86_64-fedora-clang 1.0.4 224.23 NOTE
r-devel-linux-x86_64-fedora-gcc 1.0.4 211.04 NOTE
r-devel-windows-x86_64 1.0.4 34.00 202.00 236.00 NOTE
r-patched-linux-x86_64 1.0.4 6.41 176.78 183.19 NOTE
r-release-linux-x86_64 1.0.4 NOTE
r-release-macos-arm64 1.0.4 52.00 NOTE
r-release-macos-x86_64 1.0.4 102.00 NOTE
r-release-windows-x86_64 1.0.4 28.00 205.00 233.00 NOTE
r-oldrel-macos-arm64 1.0.4 74.00 NOTE
r-oldrel-macos-x86_64 1.0.4 107.00 NOTE
r-oldrel-windows-ix86+x86_64 1.0.4 17.00 215.00 232.00 NOTE

Check Details

Version: 1.0.4
Check: LazyData
Result: NOTE
     'LazyData' is specified without a 'data' directory
Flavors: r-devel-linux-x86_64-debian-clang, r-devel-linux-x86_64-debian-gcc, r-devel-linux-x86_64-fedora-clang, r-devel-linux-x86_64-fedora-gcc, r-devel-windows-x86_64, r-patched-linux-x86_64, r-release-linux-x86_64, r-release-macos-arm64, r-release-macos-x86_64, r-release-windows-x86_64, r-oldrel-macos-arm64, r-oldrel-macos-x86_64, r-oldrel-windows-ix86+x86_64