Last updated on 2023-06-03 22:56:50 CEST.
Flavor | Version | Tinstall | Tcheck | Ttotal | Status | Flags |
---|---|---|---|---|---|---|
r-devel-linux-x86_64-debian-clang | 1.6.2 | 3.54 | 51.08 | 54.62 | OK | |
r-devel-linux-x86_64-debian-gcc | 1.6.2 | 2.78 | 38.24 | 41.02 | OK | |
r-devel-linux-x86_64-fedora-clang | 1.6.2 | 67.24 | NOTE | |||
r-devel-linux-x86_64-fedora-gcc | 1.6.2 | 74.57 | OK | |||
r-devel-windows-x86_64 | 1.6.2 | 5.00 | 62.00 | 67.00 | OK | |
r-patched-linux-x86_64 | 1.6.2 | OK | ||||
r-release-linux-x86_64 | 1.6.2 | 2.65 | 48.34 | 50.99 | OK | |
r-release-macos-arm64 | 1.6.2 | 29.00 | OK | |||
r-release-macos-x86_64 | 1.6.2 | 46.00 | OK | |||
r-release-windows-x86_64 | 1.6.2 | 6.00 | 67.00 | 73.00 | OK | |
r-oldrel-macos-arm64 | 1.6.2 | 29.00 | OK | |||
r-oldrel-macos-x86_64 | 1.6.2 | 43.00 | OK | |||
r-oldrel-windows-x86_64 | 1.6.2 | 5.00 | 65.00 | 70.00 | OK |
Version: 1.6.2
Check: Rd cross-references
Result: NOTE
Undeclared package ‘exams’ in Rd xrefs
Flavor: r-devel-linux-x86_64-fedora-clang