CRAN Package Check Results for Package plotMCMC

Last updated on 2022-09-25 22:54:01 CEST.

Flavor Version Tinstall Tcheck Ttotal Status Flags
r-devel-linux-x86_64-debian-clang 2.0.1 3.71 47.97 51.68 OK
r-devel-linux-x86_64-debian-gcc 2.0.1 2.89 36.64 39.53 OK
r-devel-linux-x86_64-fedora-clang 2.0.1 74.68 NOTE
r-devel-linux-x86_64-fedora-gcc 2.0.1 72.16 OK
r-devel-windows-x86_64 2.0.1 19.00 86.00 105.00 OK
r-patched-linux-x86_64 2.0.1 4.22 45.23 49.45 OK
r-release-linux-x86_64 2.0.1 3.56 45.39 48.95 OK
r-release-macos-arm64 2.0.1 28.00 OK
r-release-macos-x86_64 2.0.1 35.00 OK
r-release-windows-x86_64 2.0.1 16.00 84.00 100.00 OK
r-oldrel-macos-arm64 2.0.1 31.00 OK
r-oldrel-macos-x86_64 2.0.1 42.00 OK
r-oldrel-windows-ix86+x86_64 2.0.1 8.00 74.00 82.00 OK

Check Details

Version: 2.0.1
Check: Rd cross-references
Result: NOTE
    Undeclared package ‘scape’ in Rd xrefs
Flavor: r-devel-linux-x86_64-fedora-clang