CRAN Package Check Results for Package plotMCMC

Last updated on 2024-02-21 23:11:37 CET.

Flavor Version Tinstall Tcheck Ttotal Status Flags
r-devel-linux-x86_64-debian-clang 2.0.1 OK
r-devel-linux-x86_64-debian-gcc 2.0.1 2.78 36.00 38.78 OK
r-devel-linux-x86_64-fedora-clang 2.0.1 62.62 NOTE
r-devel-linux-x86_64-fedora-gcc 2.0.1 72.29 OK
r-devel-windows-x86_64 2.0.1 4.00 68.00 72.00 OK
r-patched-linux-x86_64 2.0.1 4.28 45.55 49.83 OK
r-release-linux-x86_64 2.0.1 3.12 45.57 48.69 OK
r-release-macos-arm64 2.0.1 32.00 OK
r-release-macos-x86_64 2.0.1 47.00 OK
r-release-windows-x86_64 2.0.1 5.00 77.00 82.00 OK
r-oldrel-macos-arm64 2.0.1 28.00 OK
r-oldrel-windows-x86_64 2.0.1 5.00 71.00 76.00 OK

Check Details

Version: 2.0.1
Check: Rd cross-references
Result: NOTE Undeclared package ‘scape’ in Rd xrefs Flavor: r-devel-linux-x86_64-fedora-clang