CRAN Package Check Results for Package plotMCMC

Last updated on 2021-11-30 22:54:39 CET.

Flavor Version Tinstall Tcheck Ttotal Status Flags
r-devel-linux-x86_64-debian-clang 2.0.1 3.46 43.86 47.32 OK
r-devel-linux-x86_64-debian-gcc 2.0.1 2.67 36.62 39.29 OK
r-devel-linux-x86_64-fedora-clang 2.0.1 70.22 NOTE
r-devel-linux-x86_64-fedora-gcc 2.0.1 58.46 OK
r-devel-windows-x86_64-new-UL 2.0.1 9.00 93.00 102.00 OK
r-devel-windows-x86_64-new-TK 2.0.1 OK
r-devel-windows-x86_64-old 2.0.1 6.00 54.00 60.00 OK
r-patched-linux-x86_64 2.0.1 3.75 42.02 45.77 OK
r-patched-solaris-x86 2.0.1 83.60 OK
r-release-linux-x86_64 2.0.1 3.23 41.95 45.18 OK
r-release-macos-arm64 2.0.1 OK
r-release-macos-x86_64 2.0.1 OK
r-release-windows-ix86+x86_64 2.0.1 7.00 52.00 59.00 OK
r-oldrel-macos-x86_64 2.0.1 OK
r-oldrel-windows-ix86+x86_64 2.0.1 7.00 67.00 74.00 OK

Check Details

Version: 2.0.1
Check: Rd cross-references
Result: NOTE
    Undeclared package ‘scape’ in Rd xrefs
Flavor: r-devel-linux-x86_64-fedora-clang