Last updated on 2023-09-24 22:59:47 CEST.
Flavor | Version | Tinstall | Tcheck | Ttotal | Status | Flags |
---|---|---|---|---|---|---|
r-devel-linux-x86_64-debian-clang | 2.0.1 | 3.11 | 47.04 | 50.15 | OK | |
r-devel-linux-x86_64-debian-gcc | 2.0.1 | 2.78 | 35.92 | 38.70 | OK | |
r-devel-linux-x86_64-fedora-clang | 2.0.1 | 62.56 | NOTE | |||
r-devel-linux-x86_64-fedora-gcc | 2.0.1 | 73.68 | OK | |||
r-devel-windows-x86_64 | 2.0.1 | 5.00 | 68.00 | 73.00 | OK | |
r-patched-linux-x86_64 | 2.0.1 | 3.08 | 44.68 | 47.76 | OK | |
r-release-linux-x86_64 | 2.0.1 | 3.53 | 45.23 | 48.76 | OK | |
r-release-macos-arm64 | 2.0.1 | 32.00 | OK | |||
r-release-macos-x86_64 | 2.0.1 | 47.00 | OK | |||
r-release-windows-x86_64 | 2.0.1 | 5.00 | 71.00 | 76.00 | OK | |
r-oldrel-macos-arm64 | 2.0.1 | 28.00 | OK | |||
r-oldrel-macos-x86_64 | 2.0.1 | 35.00 | OK | |||
r-oldrel-windows-x86_64 | 2.0.1 | 5.00 | 72.00 | 77.00 | OK |
Version: 2.0.1
Check: Rd cross-references
Result: NOTE
Undeclared package ‘scape’ in Rd xrefs
Flavor: r-devel-linux-x86_64-fedora-clang