CRAN Package Check Results for Package plusser

Last updated on 2023-06-03 22:56:50 CEST.

Flavor Version Tinstall Tcheck Ttotal Status Flags
r-devel-linux-x86_64-debian-clang 0.4-0 5.54 42.83 48.37 NOTE
r-devel-linux-x86_64-debian-gcc 0.4-0 4.14 33.53 37.67 NOTE
r-devel-linux-x86_64-fedora-clang 0.4-0 60.06 NOTE
r-devel-linux-x86_64-fedora-gcc 0.4-0 56.22 NOTE
r-devel-windows-x86_64 0.4-0 5.00 53.00 58.00 NOTE
r-patched-linux-x86_64 0.4-0 NOTE
r-release-linux-x86_64 0.4-0 5.24 41.79 47.03 NOTE
r-release-macos-arm64 0.4-0 22.00 NOTE
r-release-macos-x86_64 0.4-0 32.00 NOTE
r-release-windows-x86_64 0.4-0 6.00 56.00 62.00 NOTE
r-oldrel-macos-arm64 0.4-0 19.00 NOTE
r-oldrel-macos-x86_64 0.4-0 31.00 NOTE
r-oldrel-windows-x86_64 0.4-0 6.00 62.00 68.00 NOTE

Check Details

Version: 0.4-0
Check: LazyData
Result: NOTE
     'LazyData' is specified without a 'data' directory
Flavors: r-devel-linux-x86_64-debian-clang, r-devel-linux-x86_64-debian-gcc, r-devel-linux-x86_64-fedora-clang, r-devel-linux-x86_64-fedora-gcc, r-devel-windows-x86_64, r-patched-linux-x86_64, r-release-linux-x86_64, r-release-macos-arm64, r-release-macos-x86_64, r-release-windows-x86_64, r-oldrel-macos-arm64, r-oldrel-macos-x86_64, r-oldrel-windows-x86_64