CRAN Package Check Results for Package pmwg

Last updated on 2022-01-17 22:54:46 CET.

Flavor Version Tinstall Tcheck Ttotal Status Flags
r-devel-linux-x86_64-debian-clang 0.2.0 3.74 49.99 53.73 OK
r-devel-linux-x86_64-debian-gcc 0.2.0 3.01 38.31 41.32 OK
r-devel-linux-x86_64-fedora-clang 0.2.0 66.20 OK
r-devel-linux-x86_64-fedora-gcc 0.2.0 53.64 OK
r-devel-windows-x86_64-new-UL 0.2.0 37.00 87.00 124.00 OK
r-devel-windows-x86_64-new-TK 0.2.0 OK
r-patched-linux-x86_64 0.2.0 3.85 48.13 51.98 OK
r-release-linux-x86_64 0.2.0 OK
r-release-macos-arm64 0.2.0 OK
r-release-macos-x86_64 0.2.0 OK
r-release-windows-ix86+x86_64 0.2.0 9.00 61.00 70.00 OK
r-oldrel-macos-x86_64 0.2.0 OK
r-oldrel-windows-ix86+x86_64 0.2.0 9.00 60.00 69.00 ERROR

Check Details

Version: 0.2.0
Check: tests
Result: ERROR
     Running 'testthat.R' [1s]
    Running the tests in 'tests/testthat.R' failed.
    Complete output:
     > library(testthat)
     > library(pmwg)
     >
     > test_check("pmwg")
     == Skipped tests ===============================================================
     * empty test (1)
    
     [ FAIL 0 | WARN 0 | SKIP 1 | PASS 5 ]
     >
     > proc.time()
     user system elapsed
     0.96 0.03 0.98
Flavor: r-oldrel-windows-ix86+x86_64