CRAN Package Check Results for Package pmxTools

Last updated on 2021-12-05 22:49:00 CET.

Flavor Version Tinstall Tcheck Ttotal Status Flags
r-devel-linux-x86_64-debian-clang 1.2.1 12.50 107.67 120.17 NOTE
r-devel-linux-x86_64-debian-gcc 1.2.1 9.52 79.83 89.35 NOTE
r-devel-linux-x86_64-fedora-clang 1.2.1 143.54 NOTE
r-devel-linux-x86_64-fedora-gcc 1.2.1 128.77 NOTE
r-devel-windows-x86_64-new-UL 1.2.1 25.00 152.00 177.00 NOTE
r-devel-windows-x86_64-new-TK 1.2.1 NOTE
r-devel-windows-x86_64-old 1.2.1 20.00 95.00 115.00 NOTE
r-patched-linux-x86_64 1.2.1 12.17 90.35 102.52 NOTE
r-release-linux-x86_64 1.2.1 8.35 98.78 107.13 NOTE
r-release-macos-arm64 1.2.1 NOTE
r-release-macos-x86_64 1.2.1 NOTE
r-release-windows-ix86+x86_64 1.2.1 26.00 115.00 141.00 NOTE
r-oldrel-macos-x86_64 1.2.1 NOTE
r-oldrel-windows-ix86+x86_64 1.2.1 24.00 119.00 143.00 OK

Check Details

Version: 1.2.1
Check: LazyData
Result: NOTE
     'LazyData' is specified without a 'data' directory
Flavors: r-devel-linux-x86_64-debian-clang, r-devel-linux-x86_64-debian-gcc, r-devel-linux-x86_64-fedora-clang, r-devel-linux-x86_64-fedora-gcc, r-devel-windows-x86_64-new-UL, r-devel-windows-x86_64-new-TK, r-devel-windows-x86_64-old, r-patched-linux-x86_64, r-release-linux-x86_64, r-release-macos-arm64, r-release-macos-x86_64, r-release-windows-ix86+x86_64

Version: 1.2.1
Check: dependencies in R code
Result: NOTE
    Namespaces in Imports field not imported from:
     ‘ggrepel’ ‘gridExtra’
     All declared Imports should be used.
Flavors: r-devel-linux-x86_64-fedora-clang, r-devel-linux-x86_64-fedora-gcc, r-devel-windows-x86_64-new-TK, r-release-macos-arm64, r-release-macos-x86_64, r-oldrel-macos-x86_64