CRAN Package Check Results for Package poio

Last updated on 2022-01-26 22:54:59 CET.

Flavor Version Tinstall Tcheck Ttotal Status Flags
r-devel-linux-x86_64-debian-clang 0.0-4 8.82 90.94 99.76 OK
r-devel-linux-x86_64-debian-gcc 0.0-4 7.54 67.92 75.46 OK
r-devel-linux-x86_64-fedora-clang 0.0-4 122.68 NOTE
r-devel-linux-x86_64-fedora-gcc 0.0-4 108.95 NOTE
r-devel-windows-x86_64-new-UL 0.0-4 35.00 121.00 156.00 OK
r-devel-windows-x86_64-new-TK 0.0-4 NOTE
r-patched-linux-x86_64 0.0-4 8.90 86.43 95.33 OK
r-release-linux-x86_64 0.0-4 6.34 85.09 91.43 OK
r-release-macos-arm64 0.0-4 NOTE
r-release-macos-x86_64 0.0-4 NOTE
r-release-windows-ix86+x86_64 0.0-4 23.00 107.00 130.00 OK
r-oldrel-macos-x86_64 0.0-4 NOTE
r-oldrel-windows-ix86+x86_64 0.0-4 22.00 106.00 128.00 OK

Check Details

Version: 0.0-4
Check: Rd cross-references
Result: NOTE
    Undeclared package ‘ISOcodes’ in Rd xrefs
Flavor: r-devel-linux-x86_64-fedora-clang

Version: 0.0-4
Check: data for non-ASCII characters
Result: NOTE
     Note: found 8 marked UTF-8 strings
Flavors: r-devel-linux-x86_64-fedora-clang, r-devel-linux-x86_64-fedora-gcc, r-devel-windows-x86_64-new-TK, r-release-macos-arm64, r-release-macos-x86_64, r-oldrel-macos-x86_64