Last updated on 2022-05-27 22:52:02 CEST.
Flavor | Version | Tinstall | Tcheck | Ttotal | Status | Flags |
---|---|---|---|---|---|---|
r-devel-linux-x86_64-debian-clang | 0.6.1 | 11.71 | 107.25 | 118.96 | OK | |
r-devel-linux-x86_64-debian-gcc | 0.6.1 | 8.35 | 78.89 | 87.24 | OK | |
r-devel-linux-x86_64-fedora-clang | 0.6.1 | 141.39 | NOTE | |||
r-devel-linux-x86_64-fedora-gcc | 0.6.1 | 124.42 | OK | |||
r-devel-windows-x86_64 | 0.6.1 | 102.00 | 144.00 | 246.00 | OK | |
r-patched-linux-x86_64 | 0.6.1 | 13.28 | 97.74 | 111.02 | OK | |
r-release-linux-x86_64 | 0.6.1 | 11.55 | 99.51 | 111.06 | OK | |
r-release-macos-arm64 | 0.6.1 | 58.00 | OK | |||
r-release-macos-x86_64 | 0.6.1 | 94.00 | OK | |||
r-release-windows-x86_64 | 0.6.1 | 81.00 | 142.00 | 223.00 | OK | |
r-oldrel-macos-arm64 | 0.6.1 | 71.00 | OK | |||
r-oldrel-macos-x86_64 | 0.6.1 | 84.00 | OK | |||
r-oldrel-windows-ix86+x86_64 | 0.6.1 | 27.00 | 140.00 | 167.00 | OK |
Version: 0.6.1
Check: package dependencies
Result: NOTE
Imports includes 23 non-default packages.
Importing from so many packages makes the package vulnerable to any of
them becoming unavailable. Move as many as possible to Suggests and
use conditionally.
Flavor: r-devel-linux-x86_64-fedora-clang