CRAN Package Check Results for Package polyapost

Last updated on 2022-01-16 22:51:22 CET.

Flavor Version Tinstall Tcheck Ttotal Status Flags
r-devel-linux-x86_64-debian-clang 1.7 4.34 47.72 52.06 OK
r-devel-linux-x86_64-debian-gcc 1.7 3.06 37.80 40.86 OK
r-devel-linux-x86_64-fedora-clang 1.7 66.68 OK
r-devel-linux-x86_64-fedora-gcc 1.7 56.90 OK
r-devel-windows-x86_64-new-UL 1.7 38.00 85.00 123.00 OK
r-devel-windows-x86_64-new-TK 1.7 OK
r-patched-linux-x86_64 1.7 5.26 47.61 52.87 NOTE
r-release-linux-x86_64 1.7 NOTE
r-release-macos-arm64 1.7 OK
r-release-macos-x86_64 1.7 OK
r-release-windows-ix86+x86_64 1.7 14.00 72.00 86.00 OK
r-oldrel-macos-x86_64 1.7 OK
r-oldrel-windows-ix86+x86_64 1.7 15.00 72.00 87.00 OK

Check Details

Version: 1.7
Check: DESCRIPTION meta-information
Result: NOTE
    Dependence on R version ‘3.6.2’ not with patchlevel 0
Flavors: r-patched-linux-x86_64, r-release-linux-x86_64