CRAN Package Check Results for Package portes

Last updated on 2022-01-27 23:01:13 CET.

Flavor Version Tinstall Tcheck Ttotal Status Flags
r-devel-linux-x86_64-debian-clang 5.0 9.72 102.98 112.70 OK
r-devel-linux-x86_64-debian-gcc 5.0 7.30 77.43 84.73 OK
r-devel-linux-x86_64-fedora-clang 5.0 139.58 NOTE
r-devel-linux-x86_64-fedora-gcc 5.0 124.19 OK
r-devel-windows-x86_64-new-UL 5.0 26.00 151.00 177.00 OK
r-devel-windows-x86_64-new-TK 5.0 NOTE
r-patched-linux-x86_64 5.0 10.63 94.93 105.56 OK
r-release-linux-x86_64 5.0 7.64 93.55 101.19 OK
r-release-macos-arm64 5.0 OK
r-release-macos-x86_64 5.0 OK
r-release-windows-ix86+x86_64 5.0 21.00 122.00 143.00 OK
r-oldrel-macos-x86_64 5.0 OK
r-oldrel-windows-ix86+x86_64 5.0 21.00 124.00 145.00 OK

Check Details

Version: 5.0
Check: Rd cross-references
Result: NOTE
    Undeclared package ‘TSA’ in Rd xrefs
Flavor: r-devel-linux-x86_64-fedora-clang

Version: 5.0
Check: package dependencies
Result: NOTE
    Package suggested but not available for checking: 'car'
Flavor: r-devel-windows-x86_64-new-TK