CRAN Package Check Results for Package ppcSpatial

Last updated on 2022-01-28 23:00:47 CET.

Flavor Version Tinstall Tcheck Ttotal Status Flags
r-devel-linux-x86_64-debian-clang 0.2.0 38.48 310.98 349.46 NOTE
r-devel-linux-x86_64-debian-gcc 0.2.0 27.64 228.92 256.56 NOTE
r-devel-linux-x86_64-fedora-clang 0.2.0 369.50 NOTE
r-devel-linux-x86_64-fedora-gcc 0.2.0 387.97 NOTE
r-devel-windows-x86_64-new-UL 0.2.0 72.00 288.00 360.00 NOTE
r-devel-windows-x86_64-new-TK 0.2.0 NOTE
r-patched-linux-x86_64 0.2.0 25.98 273.17 299.15 NOTE
r-release-linux-x86_64 0.2.0 20.16 264.67 284.83 NOTE
r-release-macos-arm64 0.2.0 NOTE
r-release-macos-x86_64 0.2.0 NOTE
r-release-windows-ix86+x86_64 0.2.0 72.00 302.00 374.00 NOTE
r-oldrel-macos-x86_64 0.2.0 OK
r-oldrel-windows-ix86+x86_64 0.2.0 75.00 317.00 392.00 OK

Check Details

Version: 0.2.0
Check: LazyData
Result: NOTE
     'LazyData' is specified without a 'data' directory
Flavors: r-devel-linux-x86_64-debian-clang, r-devel-linux-x86_64-debian-gcc, r-devel-linux-x86_64-fedora-clang, r-devel-linux-x86_64-fedora-gcc, r-devel-windows-x86_64-new-UL, r-devel-windows-x86_64-new-TK, r-patched-linux-x86_64, r-release-linux-x86_64, r-release-macos-arm64, r-release-macos-x86_64, r-release-windows-ix86+x86_64