CRAN Package Check Results for Package ppseq

Last updated on 2024-02-26 23:03:48 CET.

Flavor Version Tinstall Tcheck Ttotal Status Flags
r-devel-linux-x86_64-debian-clang 0.2.3 7.44 547.19 554.63 OK
r-devel-linux-x86_64-debian-gcc 0.2.3 6.69 395.96 402.65 OK
r-devel-linux-x86_64-fedora-clang 0.2.3 640.49 NOTE
r-devel-linux-x86_64-fedora-gcc 0.2.3 632.76 OK
r-devel-windows-x86_64 0.2.3 9.00 446.00 455.00 NOTE
r-patched-linux-x86_64 0.2.3 5.91 530.97 536.88 OK
r-release-linux-x86_64 0.2.3 5.95 520.05 526.00 OK
r-release-macos-arm64 0.2.3 183.00 NOTE
r-release-macos-x86_64 0.2.3 392.00 NOTE
r-release-windows-x86_64 0.2.3 12.00 536.00 548.00 NOTE
r-oldrel-macos-arm64 0.2.3 165.00 NOTE
r-oldrel-windows-x86_64 0.2.3 12.00 546.00 558.00 NOTE

Check Details

Version: 0.2.3
Check: installed package size
Result: NOTE installed size is 11.0Mb sub-directories of 1Mb or more: doc 10.5Mb Flavors: r-devel-linux-x86_64-fedora-clang, r-devel-windows-x86_64, r-release-macos-arm64, r-release-macos-x86_64, r-release-windows-x86_64, r-oldrel-macos-arm64, r-oldrel-windows-x86_64