CRAN Package Check Results for Package praznik

Last updated on 2022-01-24 22:56:37 CET.

Flavor Version Tinstall Tcheck Ttotal Status Flags
r-devel-linux-x86_64-debian-clang 10.0.0 7.31 55.00 62.31 ERROR
r-devel-linux-x86_64-debian-gcc 10.0.0 6.37 39.18 45.55 OK
r-devel-linux-x86_64-fedora-clang 10.0.0 70.10 OK
r-devel-linux-x86_64-fedora-gcc 10.0.0 59.36 OK
r-devel-windows-x86_64-new-UL 10.0.0 56.00 78.00 134.00 OK
r-devel-windows-x86_64-new-TK 10.0.0 OK
r-patched-linux-x86_64 10.0.0 8.13 46.97 55.10 OK
r-release-linux-x86_64 10.0.0 6.73 50.84 57.57 OK
r-release-macos-arm64 10.0.0 OK
r-release-macos-x86_64 10.0.0 OK
r-release-windows-ix86+x86_64 10.0.0 17.00 77.00 94.00 OK
r-oldrel-macos-x86_64 10.0.0 OK
r-oldrel-windows-ix86+x86_64 10.0.0 19.00 76.00 95.00 OK

Check Details

Version: 10.0.0
Check: tests
Result: ERROR
     Running 'testthat.R' [14s/8s]
    Running the tests in 'tests/testthat.R' failed.
    Complete output:
     > library(testthat)
     > library(praznik)
     >
     > test_check("praznik")
     == Failed tests ================================================================
     -- Failure (test-native-pure.R:43:4): Native NJMIM works like pure NJMIM with spoiler --
     `pure` not equal to `native`.
     Component "selection": Names: 1 string mismatch
     Component "selection": Mean relative difference: 0.3333333
     Component "score": Names: 1 string mismatch
    
     [ FAIL 1 | WARN 0 | SKIP 0 | PASS 311 ]
     Error: Test failures
     Execution halted
Flavor: r-devel-linux-x86_64-debian-clang