CRAN Package Check Results for Package prediction

Last updated on 2022-01-18 22:47:34 CET.

Flavor Version Tinstall Tcheck Ttotal Status Flags
r-devel-linux-x86_64-debian-clang 0.3.14 4.55 56.76 61.31 OK
r-devel-linux-x86_64-debian-gcc 0.3.14 4.94 43.37 48.31 OK
r-devel-linux-x86_64-fedora-clang 0.3.14 78.10 OK
r-devel-linux-x86_64-fedora-gcc 0.3.14 88.24 OK
r-devel-windows-x86_64-new-UL 0.3.14 93.00 77.00 170.00 OK
r-devel-windows-x86_64-new-TK 0.3.14 NOTE
r-patched-linux-x86_64 0.3.14 5.90 53.58 59.48 OK
r-release-linux-x86_64 0.3.14 OK
r-release-macos-arm64 0.3.14 OK
r-release-macos-x86_64 0.3.14 OK
r-release-windows-ix86+x86_64 0.3.14 10.00 63.00 73.00 OK
r-oldrel-macos-x86_64 0.3.14 OK
r-oldrel-windows-ix86+x86_64 0.3.14 10.00 63.00 73.00 OK

Check Details

Version: 0.3.14
Check: package dependencies
Result: NOTE
    Packages which this enhances but not available for checking:
     'AER', 'lme4', 'sampleSelection'
Flavor: r-devel-windows-x86_64-new-TK

Version: 0.3.14
Check: Rd cross-references
Result: NOTE
    Packages unavailable to check Rd xrefs: 'lme4', 'AER', 'sampleSelection'
Flavor: r-devel-windows-x86_64-new-TK