CRAN Package Check Results for Package predictoR

Last updated on 2022-01-26 22:55:00 CET.

Flavor Version Tinstall Tcheck Ttotal Status Flags
r-devel-linux-x86_64-debian-clang 2.0.5 26.85 201.99 228.84 OK
r-devel-linux-x86_64-debian-gcc 2.0.5 22.21 150.70 172.91 OK
r-devel-linux-x86_64-fedora-clang 2.0.5 265.09 OK
r-devel-linux-x86_64-fedora-gcc 2.0.5 262.12 OK
r-devel-windows-x86_64-new-UL 2.0.5 158.00 211.00 369.00 OK
r-devel-windows-x86_64-new-TK 2.0.5 OK
r-patched-linux-x86_64 2.0.5 26.18 187.27 213.45 OK
r-release-linux-x86_64 2.0.5 20.67 185.06 205.73 OK
r-release-macos-arm64 2.0.5 OK
r-release-macos-x86_64 2.0.5 OK
r-release-windows-ix86+x86_64 2.0.5 58.00 208.00 266.00 OK
r-oldrel-macos-x86_64 1.1.9 NOTE
r-oldrel-windows-ix86+x86_64 1.1.9 8.00 33.00 41.00 OK

Check Details

Version: 1.1.9
Check: dependencies in R code
Result: NOTE
    Namespaces in Imports field not imported from:
     ‘DT’ ‘ROCR’ ‘adabag’ ‘colourpicker’ ‘e1071’ ‘flexdashboard’ ‘glmnet’
     ‘kknn’ ‘neuralnet’ ‘plyr’ ‘randomForest’ ‘rattle’ ‘rpart’ ‘shinyAce’
     ‘shinyWidgets’ ‘shinydashboardPlus’ ‘shinyjs’ ‘tidyverse’ ‘xgboost’
     All declared Imports should be used.
Flavor: r-oldrel-macos-x86_64